{"id":643,"date":"2022-08-15T08:24:58","date_gmt":"2022-08-15T08:24:58","guid":{"rendered":"https:\/\/startersites.io\/blocksy\/renovation\/?page_id=11"},"modified":"2025-10-31T08:50:31","modified_gmt":"2025-10-31T07:50:31","slug":"about","status":"publish","type":"page","link":"https:\/\/dombezceny.pl\/?page_id=643","title":{"rendered":"O mnie"},"content":{"rendered":"\n<div class=\"wp-block-stackable-columns alignwide stk-block-columns stk-block stk-81f3cf9\" data-block-id=\"81f3cf9\"><style>.stk-81f3cf9 {margin-bottom:0px !important;}@media screen and (max-width:689px){.stk-81f3cf9 {margin-top:60px !important;}.stk-81f3cf9-column{row-gap:60px !important;}}<\/style><div class=\"stk-row stk-inner-blocks stk-block-content stk-content-align stk-81f3cf9-column alignwide\">\n<div class=\"wp-block-stackable-column stk-block-column stk-column stk-block stk-cea3d92 stk-block-background\" data-v=\"4\" data-block-id=\"cea3d92\"><style>.stk-cea3d92-container{margin-top:0px !important;margin-right:0px !important;margin-bottom:0px !important;margin-left:0px !important;}.stk-cea3d92 {background-color:var(--theme-palette-color-1, #ff6310) !important;padding-top:90px !important;padding-right:50px !important;padding-bottom:90px !important;padding-left:50px !important;}.stk-cea3d92:before{background-color:var(--theme-palette-color-1, #ff6310) !important;}@media screen and (min-width:690px) and (max-width:999px){.stk-cea3d92 {flex:var(--stk-flex-grow, 1) 1 calc(40% - var(--stk-column-gap, 0px) * 1 \/ 2 ) !important;}}@media screen and (max-width:999px){.stk-cea3d92 {padding-right:40px !important;padding-left:40px !important;}}@media screen and (max-width:689px){.stk-cea3d92 {padding-top:60px !important;padding-bottom:60px !important;}}<\/style><div class=\"stk-column-wrapper stk-block-column__content stk-container stk-cea3d92-container stk--no-background stk--no-padding\"><div class=\"stk-block-content stk-inner-blocks stk-cea3d92-inner-blocks\">\n<div class=\"wp-block-stackable-heading stk-block-heading stk-block-heading--v2 stk-block stk-c299fe7\" id=\"span-style-color-var-palette-color-8-ffffff-class-stk-highlight-if-span-we-work-span-style-color-var-palette-color-8-ffffff-class-stk-highlight-then-it-looks-span-good\" data-block-id=\"c299fe7\"><style>.stk-c299fe7 {margin-bottom:40px !important;}@media screen and (max-width:999px){.stk-c299fe7 {margin-bottom:20px !important;}.stk-c299fe7 .stk-block-heading__text{font-size:25px !important;}}<\/style><h3 class=\"stk-block-heading__text has-text-align-center-mobile stk-block-heading--use-theme-margins\"><span style=\"color: var(--theme-palette-color-7, #ffffff);\" class=\"stk-highlight\">Ka\u017cdy<\/span> z nas mo\u017ce <span style=\"color: var(--theme-palette-color-6, #f4f4f5);\" class=\"stk-highlight\">podtrzymywa\u0107<\/span> <span style=\"color: #222222;background-color: var(--theme-palette-color-6, #f4f4f5)\" class=\"stk-highlight\">wszech\u015bwiat<\/span><\/h3><\/div>\n\n\n\n<div class=\"wp-block-stackable-text stk-block-text stk-block stk-b1b6408\" data-block-id=\"b1b6408\"><style>.stk-b1b6408 {margin-bottom:70px !important;}.stk-b1b6408 .stk-block-text__text{font-size:20px !important;color:var(--theme-palette-color-8, #ffffff) !important;}@media screen and (max-width:999px){.stk-b1b6408 {margin-bottom:50px !important;}.stk-b1b6408 .stk-block-text__text{font-size:18px !important;}}<\/style><p class=\"stk-block-text__text has-text-color has-text-align-center-mobile\">&#8222;Podobnie jak miasto lub sanktuarium, dom jako ca\u0142o\u015b\u0107 \u2013 lub te\u017c jego poszczeg\u00f3lne cz\u0119\u015bci \u2013 u\u015bwi\u0119cony jest przez symbolik\u0119 b\u0105d\u017a rytua\u0142 kosmologiczny. Tote\u017c fakt osiedlenia si\u0119 gdziekolwiek b\u0105d\u017a, czy to b\u0119dzie chodzi\u0142o o za\u0142o\u017cenie wsi, czy te\u017c o zbudowanie domu, oznacza decyzj\u0119 bardzo powa\u017cn\u0105, zale\u017cy bowiem od niej sama egzystencja cz\u0142owieka. Kr\u00f3tko m\u00f3wi\u0105c chodzi o to, \u017ce cz\u0142owiek musi sobie stworzy\u0107 w\u0142asny \u015bwiat i przyj\u0105\u0107 zadanie podtrzymywania go oraz odnowy. Nie zmienia si\u0119 lekkomy\u015blnie siedziby, bo przecie\u017c nie jest rzecz\u0105 \u0142atwa zmieni\u0107 \u015bwiat na inny. Dom nie jest przedmiotem, \u201emaszyn\u0105 do mieszkania\u201d; jest on wszech\u015bwiatem, kt\u00f3ry cz\u0142owiek sobie buduje na\u015bladuj\u0105c wzorcowe dzie\u0142o bog\u00f3w \u2013 kosmogoni\u0119.&#8221;<\/p><\/div>\n\n\n\n<p>Z wykszta\u0142cenia jestem architektem. <br>Z zami\u0142owania zajmuj\u0119 si\u0119 tradycyjn\u0105 architektur\u0105 drewnian\u0105 \u2013 mam dom w G\u00f3rach \u015awi\u0119tokrzyskich. Ten blog s\u0142u\u017cy\u0107 ma ratowaniu znikaj\u0105cej na naszych oczach starej architektury polskiej wsi poprzez pobudzanie \u015bwiadomo\u015b\u0107 jej warto\u015bci, pomoc w podtrzymywaniu tradycyjnych technik budowlanych oraz wymian\u0119 opinii i do\u015bwiadcze\u0144.<\/p>\n\n\n\n<p><strong>Jan Pstr\u0105gowski<\/strong><\/p>\n\n\n\n<div class=\"wp-block-stackable-button-group stk-block-button-group stk-block stk-f442416\" data-block-id=\"f442416\"><div class=\"stk-row stk-inner-blocks has-text-align-center-mobile stk-block-content stk-button-group\">\n<div class=\"wp-block-stackable-button stk-block-button stk-block stk-e681141\" data-block-id=\"e681141\"><style>.stk-e681141 .stk-button{padding-top:14px !important;padding-right:25px !important;padding-bottom:14px !important;padding-left:25px !important;background:var(--theme-palette-color-4, #1E262E) !important;}.stk-e681141 .stk-button:hover:after{background:var(--theme-palette-color-8, #ffffff) !important;opacity:1 !important;}.stk-e681141 .stk-button__inner-text{font-size:13px !important;font-weight:600 !important;text-transform:uppercase !important;}.stk-e681141 .stk-button:hover .stk-button__inner-text{color:var(--theme-palette-color-4, #1E262E) !important;}@media screen and (max-width:999px){.stk-e681141 .stk-button__inner-text{font-size:13px !important;}}<\/style><a class=\"stk-link stk-button stk--hover-effect-darken\" href=\"\"><span class=\"stk-button__inner-text\">KoNTAKT<\/span><\/a><\/div>\n<\/div><\/div>\n<\/div><\/div><\/div>\n\n\n\n<div class=\"wp-block-stackable-column stk-block-column stk-column stk-block stk-f705c5e stk-block-background\" data-v=\"4\" data-block-id=\"f705c5e\"><style>.stk-f705c5e-container{margin-top:0px !important;margin-right:0px !important;margin-bottom:0px !important;margin-left:0px !important;}.stk-f705c5e {background-color:var(--theme-palette-color-5, #FEEEDD) !important;padding-top:50px !important;padding-right:50px !important;padding-bottom:50px !important;padding-left:50px !important;}.stk-f705c5e:before{background-color:var(--theme-palette-color-5, #FEEEDD) !important;}@media screen and (min-width:690px) and (max-width:999px){.stk-f705c5e {flex:var(--stk-flex-grow, 1) 1 calc(100% - var(--stk-column-gap, 0px) * 0 \/ 1 ) !important;}}@media screen and (max-width:999px){.stk-f705c5e {padding-top:60px !important;padding-right:40px !important;padding-bottom:60px !important;padding-left:40px !important;}}<\/style><div class=\"stk-column-wrapper stk-block-column__content stk-container stk-f705c5e-container stk--no-background stk--no-padding\"><div class=\"stk-block-content stk-inner-blocks stk-f705c5e-inner-blocks\">\n<div class=\"wp-block-stackable-text stk-block-text stk-block stk-76d440d\" data-block-id=\"76d440d\"><style>.stk-76d440d .stk-block-text__text{font-size:20px !important;color:var(--theme-palette-color-4, #1E262E) !important;font-weight:600 !important;}@media screen and (max-width:999px){.stk-76d440d {margin-bottom:20px !important;}.stk-76d440d .stk-block-text__text{font-size:20px !important;}}<\/style><p class=\"stk-block-text__text has-text-color has-text-align-center-mobile\">&#8222;<strong>Dom nie jest przedmiotem, \u201emaszyn\u0105 do mieszkania\u201d; jest on wszech\u015bwiatem, kt\u00f3ry cz\u0142owiek sobie buduje na\u015bladuj\u0105c wzorcowe dzie\u0142o bog\u00f3w \u2013 kosmogoni\u0119.<\/strong>&#8222;<\/p><\/div>\n\n\n\n<div class=\"wp-block-stackable-heading stk-block-heading stk-block-heading--v2 stk-block stk-5e8ce3d\" id=\"mircea-eliade\" data-block-id=\"5e8ce3d\"><style>.stk-5e8ce3d {margin-bottom:0px !important;}.stk-5e8ce3d .stk-block-heading__text{color:var(--theme-palette-color-1, #ff6310) !important;}@media screen and (max-width:999px){.stk-5e8ce3d .stk-block-heading__text{font-size:20px !important;}}<\/style><h4 class=\"stk-block-heading__text has-text-color has-text-align-center-mobile\">Mircea Eliade<\/h4><\/div>\n\n\n\n<div class=\"wp-block-stackable-text stk-block-text stk-block stk-c1877af\" data-block-id=\"c1877af\"><style>.stk-c1877af {margin-bottom:50px !important;}.stk-c1877af .stk-block-text__text{color:var(--theme-palette-color-4, #1E262E) !important;font-weight:700 !important;}@media screen and (max-width:999px){.stk-c1877af {margin-bottom:20px !important;}}<\/style><p class=\"stk-block-text__text has-text-color has-text-align-center-mobile\">\u015awiat. Miasto. Dom<\/p><\/div>\n\n\n\n<figure class=\"wp-block-image size-full\"><img loading=\"lazy\" decoding=\"async\" width=\"756\" height=\"756\" src=\"https:\/\/dombezceny.pl\/wp-content\/uploads\/2025\/10\/dombezceny-25_21.jpg\" alt=\"\" class=\"wp-image-703\" srcset=\"https:\/\/dombezceny.pl\/wp-content\/uploads\/2025\/10\/dombezceny-25_21.jpg 756w, https:\/\/dombezceny.pl\/wp-content\/uploads\/2025\/10\/dombezceny-25_21-300x300.jpg 300w, https:\/\/dombezceny.pl\/wp-content\/uploads\/2025\/10\/dombezceny-25_21-150x150.jpg 150w, https:\/\/dombezceny.pl\/wp-content\/uploads\/2025\/10\/dombezceny-25_21-12x12.jpg 12w\" sizes=\"auto, (max-width: 756px) 100vw, 756px\" \/><\/figure>\n<\/div><\/div><\/div>\n<\/div><\/div>\n\n\n\n<div class=\"wp-block-stackable-spacer stk-block-spacer stk--no-padding stk-block stk-e371e8d\" data-block-id=\"e371e8d\"><style>.stk-e371e8d {height:70px !important;}@media screen and (max-width:999px){.stk-e371e8d {height:20px !important;}}<\/style><\/div>\n","protected":false},"excerpt":{"rendered":"<p>Ka\u017cdy z nas mo\u017ce podtrzymywa\u0107 wszech\u015bwiat &#8222;Podobnie jak miasto lub sanktuarium, dom jako ca\u0142o\u015b\u0107 \u2013 lub te\u017c jego poszczeg\u00f3lne cz\u0119\u015bci \u2013 u\u015bwi\u0119cony jest przez symbolik\u0119 b\u0105d\u017a rytua\u0142 kosmologiczny. Tote\u017c fakt osiedlenia si\u0119 gdziekolwiek b\u0105d\u017a, czy to b\u0119dzie chodzi\u0142o o za\u0142o\u017cenie wsi, czy te\u017c o zbudowanie domu, oznacza decyzj\u0119 bardzo powa\u017cn\u0105, zale\u017cy bowiem od niej sama [&hellip;]<\/p>\n","protected":false},"author":1,"featured_media":0,"parent":0,"menu_order":0,"comment_status":"closed","ping_status":"closed","template":"","meta":{"footnotes":""},"class_list":["post-643","page","type-page","status-publish","hentry"],"blocksy_meta":{"styles_descriptor":{"styles":{"desktop":"","tablet":"","mobile":""},"google_fonts":[],"version":6},"page_title_panel":"","has_hero_section":"disabled","92cb9500f94316609064d93a5ddfc517":"","hero_section":"type-1","hero_elements":[{"id":"custom_title","enabled":true,"heading_tag":"h1","title":"Home"},{"id":"custom_description","enabled":true,"description_visibility":{"desktop":true,"tablet":true,"mobile":false}},{"id":"custom_meta","enabled":false,"meta_elements":[{"id":"author","enabled":true,"label":"By","has_author_avatar":"yes","avatar_size":25},{"id":"post_date","enabled":true,"label":"On","date_format_source":"default","date_format":"M j, Y"},{"id":"updated_date","enabled":false,"label":"On","date_format_source":"default","date_format":"M j, Y"},{"id":"categories","enabled":false,"label":"In","style":"simple"},{"id":"comments","enabled":true}],"page_meta_elements":{"joined":true,"articles_count":true,"comments":true}},{"id":"breadcrumbs","enabled":false}],"8a4e2c091d2e7e17dee538ddf05e2381":"","hero_alignment1":"CT_CSS_SKIP_RULE","hero_margin":40,"hero_alignment2":"center","hero_vertical_alignment":"center","b3507b0f630a45253bb4a4241b650d4e":"","hero_structure":"narrow","f94bffa96ba8b9fac8c52268ca0f5e73":"","page_title_bg_type":"featured_image","custom_hero_background":{"attachment_id":null},"page_title_image_size":"full","parallax":{"desktop":false,"tablet":false,"mobile":false},"d64135796b22f09bcc028389b9fb9587":"","hero_height":"250px","pageTitleFont":{"family":"Default","variation":"Default","size":"30px","line-height":"CT_CSS_SKIP_RULE","letter-spacing":"CT_CSS_SKIP_RULE","text-transform":"CT_CSS_SKIP_RULE","text-decoration":"CT_CSS_SKIP_RULE"},"pageTitleFontColor":{"default":{"color":"CT_CSS_SKIP_RULEDEFAULT"}},"pageMetaFont":{"family":"Default","variation":"n6","size":"12px","line-height":"1.3","letter-spacing":"CT_CSS_SKIP_RULE","text-transform":"uppercase","text-decoration":"CT_CSS_SKIP_RULE"},"pageMetaFontColor":{"default":{"color":"CT_CSS_SKIP_RULEDEFAULT"},"hover":{"color":"CT_CSS_SKIP_RULEDEFAULT"}},"page_meta_button_type_font_colors":{"default":{"color":"CT_CSS_SKIP_RULEDEFAULT"},"hover":{"color":"CT_CSS_SKIP_RULEDEFAULT"}},"page_meta_button_type_background_colors":{"default":{"color":"CT_CSS_SKIP_RULEDEFAULT"},"hover":{"color":"CT_CSS_SKIP_RULEDEFAULT"}},"pageExcerptFont":{"family":"Default","variation":"Default","size":"CT_CSS_SKIP_RULE","line-height":"CT_CSS_SKIP_RULE","letter-spacing":"CT_CSS_SKIP_RULE","text-transform":"CT_CSS_SKIP_RULE","text-decoration":"CT_CSS_SKIP_RULE"},"pageExcerptColor":{"default":{"color":"CT_CSS_SKIP_RULEDEFAULT"}},"breadcrumbsFont":{"family":"Default","variation":"Default","size":"CT_CSS_SKIP_RULE","line-height":"CT_CSS_SKIP_RULE","letter-spacing":"CT_CSS_SKIP_RULE","text-transform":"CT_CSS_SKIP_RULE","text-decoration":"CT_CSS_SKIP_RULE"},"breadcrumbsFontColor":{"default":{"color":"CT_CSS_SKIP_RULEDEFAULT"},"initial":{"color":"CT_CSS_SKIP_RULEDEFAULT"},"hover":{"color":"CT_CSS_SKIP_RULEDEFAULT"}},"pageTitleOverlay":{"background_type":"color","background_pattern":"type-1","background_image":{"attachment_id":null,"x":0,"y":0},"gradient":"linear-gradient(135deg,rgba(6,147,227,1) 0%,rgb(155,81,224) 100%)","background_repeat":"repeat","background_size":"auto","background_attachment":"scroll","patternColor":{"default":{"color":"#e5e7ea"}},"overlayColor":{"default":{"color":"CT_CSS_SKIP_RULE"}},"backgroundColor":{"default":{"color":"CT_CSS_SKIP_RULE"}}},"pageTitleBackground":{"background_type":"color","background_pattern":"type-1","background_image":{"attachment_id":null,"x":0,"y":0},"gradient":"linear-gradient(135deg,rgba(6,147,227,1) 0%,rgb(155,81,224) 100%)","background_repeat":"repeat","background_size":"auto","background_attachment":"scroll","patternColor":{"default":{"color":"#e5e7ea"}},"overlayColor":{"default":{"color":"CT_CSS_SKIP_RULE"}},"backgroundColor":{"default":{"color":"var(--theme-palette-color-6)"}}},"pageTitlePadding":{"top":"50px","bottom":"50px","left":"auto","right":"auto","linked":true},"e6a93a576721ee37d251bcfdaab92260":"","page_structure_type":"default","849a66cfd1aae6ed5389c9b2034a6fbd":"","content_style_source":"inherit","content_style":"wide","vertical_spacing_source":"custom","content_area_spacing":"none","background":{"background_type":"color","background_pattern":"type-1","background_image":{"attachment_id":null,"x":0,"y":0},"gradient":"linear-gradient(135deg,rgba(6,147,227,1) 0%,rgb(155,81,224) 100%)","background_repeat":"repeat","background_size":"auto","background_attachment":"scroll","patternColor":{"default":{"color":"#e5e7ea"}},"overlayColor":{"default":{"color":"CT_CSS_SKIP_RULE"}},"backgroundColor":{"default":{"color":"CT_CSS_SKIP_RULE"}}},"content_background":{"background_type":"color","background_pattern":"type-1","background_image":{"attachment_id":null,"x":0,"y":0},"gradient":"linear-gradient(135deg,rgba(6,147,227,1) 0%,rgb(155,81,224) 100%)","background_repeat":"repeat","background_size":"auto","background_attachment":"scroll","patternColor":{"default":{"color":"#e5e7ea"}},"overlayColor":{"default":{"color":"CT_CSS_SKIP_RULE"}},"backgroundColor":{"default":{"color":"var(--theme-palette-color-8)"}}},"content_boxed_shadow":{"inherit":false,"blur":18,"spread":-6,"v_offset":12,"h_offset":0,"inset":false,"enable":true,"color":{"color":"rgba(34, 56, 101, 0.04)"}},"content_boxed_border":{"width":1,"style":"none","color":{"color":"rgba(44,62,80,0.2)"}},"content_boxed_radius":{"top":"3px","bottom":"3px","left":"3px","right":"3px","linked":true},"boxed_content_spacing":{"desktop":{"top":"40px","bottom":"40px","left":"40px","right":"40px","linked":true},"tablet":{"top":"35px","bottom":"35px","left":"35px","right":"35px","linked":true},"mobile":{"top":"20px","bottom":"20px","left":"20px","right":"20px","linked":true}},"36f8458727cc6dd106c846a2ce6c3f72":"","disable_featured_image":"no","disable_share_box":"no","disable_header":"no","disable_footer":"no"},"_links":{"self":[{"href":"https:\/\/dombezceny.pl\/index.php?rest_route=\/wp\/v2\/pages\/643","targetHints":{"allow":["GET"]}}],"collection":[{"href":"https:\/\/dombezceny.pl\/index.php?rest_route=\/wp\/v2\/pages"}],"about":[{"href":"https:\/\/dombezceny.pl\/index.php?rest_route=\/wp\/v2\/types\/page"}],"author":[{"embeddable":true,"href":"https:\/\/dombezceny.pl\/index.php?rest_route=\/wp\/v2\/users\/1"}],"replies":[{"embeddable":true,"href":"https:\/\/dombezceny.pl\/index.php?rest_route=%2Fwp%2Fv2%2Fcomments&post=643"}],"version-history":[{"count":7,"href":"https:\/\/dombezceny.pl\/index.php?rest_route=\/wp\/v2\/pages\/643\/revisions"}],"predecessor-version":[{"id":824,"href":"https:\/\/dombezceny.pl\/index.php?rest_route=\/wp\/v2\/pages\/643\/revisions\/824"}],"wp:attachment":[{"href":"https:\/\/dombezceny.pl\/index.php?rest_route=%2Fwp%2Fv2%2Fmedia&parent=643"}],"curies":[{"name":"wp","href":"https:\/\/api.w.org\/{rel}","templated":true}]}}